**2 + 155757*y + 778804. Calculate g(-5).
44
Let c(r) = -r**3 - 199*r**2 + 1024*r + 876. What is c(-204)?
60
Let x(r) = 137307*r - 686535. Give x(5).
0
Let s(t) = -19897*t - 278552. Calculate s(-14).
6
Let n(q) = -q**2 - 14055*q - 1395282. Give n(-100).
218
Let u(s) = 4570*s + 757. Give u(0).
757
Let f(y) = -157*y - 21113. Give f(-133).
-232
Let m(l) = l**3 + 46*l**2 + 133*l - 1374. Give m(-42).
96
Let m(u) = 7380*u + 244014. Give m(-33).
474
Let u(g) = -12*g**3 - 137*g**2 - 365*g - 7. What is u(-7)?
-49
Let x(c) = -7*c**2 + 881*c - 19966. Calculate x(29).
-304
Let k(w) = 3*w**3 + 1071*w**2 + 1065*w - 1069. Calculate k(-356).
-1
Let g(f) = -31*f**2 + 676*f - 171. Calculate g(21).
354
Let i(h) = -h**3 + 105*h**2 + 196*h - 270. Calculate i(107).
-2196
Let v(l) = -5*l**2 - 2051*l - 6087. Give v(-3).
21
Let z(f) = 6646*f - 32606. Give z(5).
624
Let v(y) = -2*y**2 + 237*y + 3474. Give v(-13).
55
Let s(h) = -620*h**2 - 796*h - 208. What is s(-1)?
-32
Let a(m) = 71*m - 234. Give a(4).
50
Let g(b) = 684*b + 11274. Calculate g(-15).
1014
Let z(l) = 329314*l - 2634524. What is z(8)?
-12
Let v(l) = 69*l**2 - 14349*l - 900. Give v(208).
-276
Let l(n) = 366*n**2 - 1797*n - 117. Calculate l(5).
48
Let r(i) = 4*i**2 + i - 224. Give r(5).
-119
Let p(g) = -1099*g + 663. Determine p(2).
-1535
Let s(k) = -167*k - 2405. Determine s(-10).
-735
Let a(x) = 2*x**2 + 32*x - 452. Give a(10).
68
Let y(d) = 373*d**3 + 3*d**2 - 10*d - 28. Give y(-2).
-2980
Let l(u) = 252865*u - 25033637. Calculate l(99).
-2
Let u(v) = -v**3 - 65*v**2 + 102*v - 71. Determine u(-67).
2073
Let d(i) = -i**2 + 26*i + 233. What is d(-5)?
78
Let p(x) = x**3 + 467*x**2 + 19742*x + 84. What is p(-47)?
-10
Let t(b) = 5*b**3 + 201*b**2 + 233*b - 198. Determine t(-39).
-159
Let a(b) = 16428*b + 1412821. What is a(-86)?
13
Let s(g) = -45*g**2 + 2879*g + 15598. Calculate s(69).
4
Let h(t) = 3*t**3 - 20*t**2 + 39*t - 53. Determine h(8).
515
Let a(s) = s**2 + 221*s - 66519. What is a(176)?
3353
Let y(c) = 1024*c + 23495. Give y(-22).
967
Let h(f) = 2216*f + 17514. Determine h(-6).
4218
Let c(v) = 185*v**2 - 10544*v - 60. What is c(57)?
-3
Let c(g) = -6*g**3 - 26*g**2 + 30*g - 106. Give c(4).
-786
Let p(y) = y**3 + 17*y**2 - 73*y - 887. What is p(-17)?
354
Let w(r) = -r**3 - 1191*r**2 - 5929*r + 18. What is w(-5)?
13
Let i(g) = 2*g**3 + 201*g**2 - 165*g - 6454. Calculate i(-101).
10
Let w(a) = a**3 + a**2 + 75*a - 481. Calculate w(5).
44
Let x(k) = 14332*k + 343961. Determine x(-24).
-7
Let n(q) = -22*q**2 - 13323*q + 18820. Determine n(-607).
3
Let j(x) = -10*x**3 - 4*x**2 + 9*x + 25. Give j(0).
25
Let v(t) = -86*t**3 + 2136*t - 2137. Give v(1).
-87
Let m(l) = 267*l**2 + 819*l + 58. What is m(-3)?
4
Let o(n) = 1301*n + 13902. Determine o(-10).
892
Let s(l) = -3398*l - 23240. Determine s(-7).
546
Let o(k) = -k**3 + 59*k**2 - 618*k + 10742. What is o(51)?
32
Let i(b) = 354*b + 7530. Calculate i(-17).
1512
Let m(d) = d**3 - 191*d**2 + 999*d - 12833. Calculate m(186).
1
Let f(c) = -228806*c - 1372839. Give f(-6).
-3
Let o(d) = -1075811*d - 31. Determine o(0).
-31
Let p(q) = -11*q**3 + 8303*q**2 + 1524*q - 10565. What is p(755)?
5
Let x(f) = f**3 - 2*f**2 + 113*f + 419. Give x(-4).
-129
Let g(p) = -2*p**2 - 30*p + 1545. Determine g(27).
-723
Let v(i) = i**2 + 213*i + 5742. Calculate v(-32).
-50
Let u(r) = -6823617*r + 34118094. Determine u(5).
9
Let h(l) = -4*l**2 - 1588*l + 26419. Calculate h(-413).
-13
Let k(g) = -14820*g + 222296. What is k(15)?
-4
Let q(b) = 4*b**3 + 9*b**2 - 12557*b + 5. Give q(0).
5
Let l(k) = 39*k**2 + 1112*k - 1119. What is l(1)?
32
Let c(j) = 27*j**2 - 4982*j - 24863. Give c(-5).
722
Let z(q) = 494*q - 3915. What is z(0)?
-3915
Let b(w) = 94*w**2 - 12226*w + 801. Calculate b(130).
21
Let x(b) = 7*b**2 + 72*b - 2293. Calculate x(-24).
11
Let n(s) = s**3 - 36*s**2 - 517*s + 18567. What is n(36)?
-45
Let v(a) = -1917*a - 78742. What is v(-41)?
-145
Let u(i) = 143*i - 43934. What is u(307)?
-33
Let h(t) = -100*t**2 + 145*t - 73. Determine h(4).
-1093
Let u(f) = -44*f**2 - 738*f - 3061. What is u(-9)?
17
Let f(l) = 158*l + 32030. Give f(-202).
114
Let a(x) = 82*x - 119. Calculate a(2).
45
Let m(f) = -121686*f - 486804. What is m(-4)?
-60
Let i(k) = 14773*k + 8331971. What is i(-564)?
-1
Let o(z) = 8*z**2 - 2*z - 166167. Calculate o(-144).
9
Let s(n) = n**3 + 14*n**2 - 83*n - 1021. Give s(-15).
-1
Let k(r) = 2*r**2 + 9603*r - 192819. What is k(20)?
41
Let n(g) = -116*g - 453. Determine n(-12).
939
Let u(o) = 609*o - 27161. What is u(44)?
-365
Let v(w) = -3175*w + 736540. Determine v(232).
-60
Let y(u) = 2*u**3 + 9*u**2 - 21*u - 39. Determine y(-8).
-319
Let f(n) = n**3 + 46*n**2 - 1078*n + 47. Determine f(17).
-72
Let l(d) = d**2 - 117*d - 16040. What is l(-82)?
278
Let i(a) = -163*a**3 + 2*a**2 - 9*a + 6. Determine i(2).
-1308
Let k(i) = 1869*i + 16726. Give k(-9).
-95
Let u(v) = -7*v**2 - 5108*v - 35400. Calculate u(-7).
13
Let d(m) = 2*m**2 + 1437*m - 99682. What is d(64)?
478
Let t(a) = a**3 + 1547*a**2 - 6212*a + 21. Calculate t(4).
-11
Let m(q) = 2*q**3 - 95*q**2 + 149*q - 503. Calculate m(46).
3
Let o(a) = -28*a**2 + 5427*a + 23157. Give o(198).
-9
Let i(s) = -269*s**2 - 337*s + 406. Give i(-2).
4
Let k(q) = -2044*q - 73437. What is k(-36)?
147
Let t(q) = -2*q**3 - 100*q**2 - 1158*q + 7. Determine t(-18).
115
Let m(w) = -8365*w + 234224. What is m(28)?
4
Let b(k) = -3*k**3 - 587*k**2 + 5538*k - 136. Give b(9).
-28
Let x(a) = 235*a + 8228. Determine x(-34).
238
Let d(c) = c**3 - 15*c**2 - 183*c - 50. What is d(-8)?
-58
Let w(l) = -3*l**3 - 358*l**2 - 631*l + 61417. Calculate w(-116).
53
Let c(z) = -1509*z + 541717. What is c(359)?
-14
Let b(g) = 576*g - 77523. Determine b(135).
237
Let q(k) = -k**3 + 53*k**2 - 541*k - 763. Give q(16).
53
Let j(k) = 12*k**3 - 104*k**2 + 436*k - 11. Calculate j(5).
1069
Let f(v) = 19331*v - 1063246. Give f(55).
-41
Let n(q) = 28*q**2 + 150*q + 91. Determine n(-5).
41
Let m(y) = 194*y**2 + 16*y - 777. What is m(0)?
-777
Let m(w) = -w**3 + 92*w**2 - 387*w + 514. What is m(88)?
-2566
Let y(s) = -270*s**2 - 6727*s - 142. Give y(-25).
-717
Let a(x) = 3*x**3 - 6*x**2 - 7*x + 320. What is a(9)?
1958
Let t(u) = u**2 + 34045*u - 647186. Determine t(19).
30
Let x(d) = d**3 + 5*d**2 - 41834*d - 292739. Give x(-7).
1
Let v(k) = 492*k + 81697. What is v(-166)?
25
Let a(x) = -x**3 + 16*x**2 - 1793*x + 26511. Determine a(15).
-159
Let q(m) = -6*m**3 + 105*m**2 - 278*m + 6021. Calculate q(18).
45
Let q(g) = 12*g**2 - 1265*g - 61101. What is q(-36)?
-9
Let p(r) = -r**2 - 192*r - 3208. Calculate p(-178).
-716
Let o(m) = -2*m**3 - 7*m**2 + 71*m + 419. Determine o(-5).
139
Let a(m) = -2706*m + 51405. Give a(19).
-9
Let i(l) = 131*l + 1466. Give i(-17).
-761
Let z(o) = 23*o**3 + 12*o**2 + 898*o - 1855. Determine z(2).
173
Let k(p) = p**3 - 61*p**2 - 555*p + 33. Calculate k(69).
-174
Let p(r) = 2*r**3 - 74*r**2 - 72*r + 77. Give p(38).
229
Let n(v) = 22*v**2 + 41*v + 93. What is n(-3)?
168
Let s(u) = -12*u**2 - 174*u - 610. Calculate s(-15).
-700
Let w(g) = 452*g**2 - 1986*g - 5. Give w(4).
-717
Let d(p) = 72*p**3 + 414*p**2 - 105*p + 6. Calculate d(-6).
-12
Let g(c) = 50*c**2 + 280*c + 136. Give g(-5).
-14
Let n(g) = 7*g**3 + 257*g**2 + 162*g - 193. Calculate n(-36).
455
Let f(w) = -247*w + 5245. Calculate f(9).
3022
Let y(o) = -171*o**2 - 2440*o - 506. What is y(-14)?
138
Let r(l) = -40*l**2 + 2494*l - 810. Calculate r(62).
58
Let i(z) = -370*z + 20065. Calculate i(57).
-1025
Let j(c) = 1832*c + 25708. What is j(-14)?
60
Let l(b) = b**3 + 114*b**2 + 3190*b + 332186. Calculate l(-112).
-6
Let g(c) = 3*c**2 + 1072359*c - 2144713. Determine g(2).
17
Let m(d) = -1504467*d + 10531268. Calculate m(7).
-1
Let f(h) = -10*h**2 + 371*h - 4. Give f(36).
392
Let z(o) = 16*o**2 - 430*o + 540. Give z(25).
-210
Let b(a) = -35*a**2 + 48894*a + 99287. What is b(1399)?
-42
Let j(s) = -11948*s - 179246. Determine j(-15).
-26
Let r(h) = -2529*h - 655001. What is r(-259)?
10
Let h(k) = -79497*k - 1351556. Determine h(-17).
-107
Let h(a) = 3*a**3 + 21*a**2 - 867*a - 5297. Calculate h(-6).
13
Let r(t) = -93*t**2 - 23*t + 48. Calculate r(2).
-370
Let c(l) = -l**3 - 23*l**2 + 1147*l - 193. What is c(24)?
263
Let j(t) = -1494*t + 10508. Give j(7).
50
Let l(x) = 11*x**2 + 443*x - 40790. What i